-3*m + 6473. What are the prime factors of m?
3, 5, 61
List the prime factors of ((-948290)/483)/((-2)/15).
5, 19, 31
Suppose -596 - 25084 = -5*g. Suppose 5*o + 11*o = g. Let a = o - 201. List the prime factors of a.
2, 3, 5
Let w(l) = 18*l**2 + 39*l + 220. List the prime factors of w(17).
5, 1217
Suppose -2*g + 53036 + 49920 = 4*j, -2*g - 25744 = -j. What are the prime factors of j?
2, 3, 5, 11, 13
Let t(u) = -2*u**3 - 9*u**2 + 9*u + 8. Suppose 0 = 2*r - 6*r - 12, -m - 16 = 3*r. List the prime factors of t(m).
2, 5, 19
Let g = 121 - 100. Suppose -10*p - 2409 = -g*p. What are the prime factors of p?
3, 73
Suppose 0 = r + 5*v - 3, -3*v - 6 + 19 = r. Let g = 11 + -7. Suppose 10 = i + g*l - r, -3*l = i - 40. What are the prime factors of i?
2, 23
Suppose -m + 330 = 4*r - 421, 0 = -4*r - 4*m + 760. Suppose -q - 853 = -4*y, 2*q = -y - 3*q + r. What are the prime factors of y?
2, 53
Let g = -2019 + 12725. List the prime factors of g.
2, 53, 101
Let p(t) = 18*t + 189. Suppose 4*o - 3*s + 55 = 9*o, 4*o + s - 51 = 0. What are the prime factors of p(o)?
3, 7
Let t = 5 + 22. Suppose 0 = 32*k - t*k + 190. Let l = 20 - k. List the prime factors of l.
2, 29
Let g = 13 - 4. Suppose -g = 5*q - 29. What are the prime factors of (-2 - (-3)/q)/(1/(-72))?
2, 3, 5
Let m be 4*(1566/28 + (-4)/(-7)). Suppose 79 = 5*j - m. Suppose -5*l + 4*o + 125 - 19 = 0, -5*o - j = -3*l. What are the prime factors of l?
2, 11
Suppose -4*i - 5*x - 86 = -8*x, 0 = -3*i + 3*x - 66. List the prime factors of -3 - (-91)/(-7)*i.
257
Suppose -33492 = -0*x - 2*x - 4*x. What are the prime factors of x?
2, 2791
Suppose 3*m + 8 = u, 5*u = -m - 3 + 11. Suppose -u*q = -s - 0*q + 10, -2*q = -4*s + 10. List the prime factors of 1 - (-1 - s) - 275/(-5).
3, 19
Let b(i) = i**3 + 3*i + 18. Let o be b(0). Let y be o/12*(0 - -30). Suppose -7*s + y = 3. List the prime factors of s.
2, 3
Let l = -1123 - -2084. Let q = l - 487. List the prime factors of q.
2, 3, 79
Let b = 10696 - 6969. List the prime factors of b.
3727
Suppose 2*d + 883 = 19. Let p = d + 799. What are the prime factors of p?
367
Suppose 2*u + 129 = 241. Suppose 57*o = u*o + 638. List the prime factors of o.
2, 11, 29
Let d(f) = -f**3 - 14*f**2 - 27*f - 12. Let n be d(-11). List the prime factors of (0 + 50)*(n/3)/(-2).
2, 5, 13
Suppose 0 = -4*q + 3*f + 14682, 5*q - 7*q - 2*f = -7362. What are the prime factors of q?
3, 5, 7
Let m = -692 + 367. Let q = 599 + m. List the prime factors of q.
2, 137
Let p(i) = -i**2 + 72*i - 240. List the prime factors of p(51).
3, 277
Let c = 36706 + -19305. What are the prime factors of c?
17401
Let o(f) = -4*f**2 + 3*f + 12. Let h(p) = -3*p**2 - 4*p - 1. Let j be h(-2). Let d be o(j). Let b = -80 - d. What are the prime factors of b?
23
Let f(k) = 245*k + 277. List the prime factors of f(14).
11, 337
Let g(f) = -f + 1. Let z(m) = 21*m - 645. Let a(q) = -6*g(q) - z(q). Let o(b) = -b + 40. Let c(h) = -2*a(h) + 33*o(h). List the prime factors of c(12).
2, 3
Suppose -2*v + 40 = 3*v. Suppose -9*g + 986 = 25*g. Suppose 51 + g = v*w. What are the prime factors of w?
2, 5
Let q = 9968 + 5867. What are the prime factors of q?
5, 3167
Let q(m) = 2*m**3 - 15*m - 3*m**3 - 8*m**2 - 64 + 55 - 7*m**2. Let w be q(-14). Suppose x - 115 = w*v, 0 = x + v - 3*v - 121. What are the prime factors of x?
5
Let w = -16 + 68. Let o = 11 + 37. Let b = w + o. What are the prime factors of b?
2, 5
Let n be (-2)/(-12) + (-115)/(-30). Suppose n*i + 16 = 0, -k - 9 = -2*k + i. List the prime factors of -1 - k/((-20)/212).
2, 13
Let o = -217 - -221. List the prime factors of (-5 - (4 + -32))*o.
2, 23
List the prime factors of (-3 + (-21)/(-6))*(2 + -2) + 20527.
13, 1579
Suppose 94 = 4*z - 2*z. Suppose j + c = -j + 13, 5*c = 4*j - z. List the prime factors of -3 + (j - -2) + -2.
5
Let f(j) = j**3 - 2*j**2 + j. Let h be f(3). Suppose -21*i + 206 = -340. Let y = i - h. List the prime factors of y.
2, 7
Let b be -3*(-5)/(-10)*94/(-3). Let r be 24/(-32) - -10*b/8. Let t = r - 11. List the prime factors of t.
47
Let u(j) = 30*j**3 - 9*j**2 - 73*j + 403. List the prime factors of u(5).
7, 509
Let o = 123 - 62. Let s = 341 - o. What are the prime factors of s?
2, 5, 7
List the prime factors of 5/150*6*10055.
2011
Let q(g) = -g**3 + 14*g**2 - 34*g + 134. List the prime factors of q(7).
239
Suppose -4*n - 27912 = -4*y, 10*y + 5*n - 13928 = 8*y. What are the prime factors of y?
2, 11, 317
Suppose 2*w = 3*w - r - 437, -2*w = 3*r - 864. Suppose -2 = -2*d + 6. Suppose 3*z - 78 = -3*f + w, -d*z - 348 = -2*f. List the prime factors of f.
2, 43
Suppose 24*f + 564 = 180. What are the prime factors of -7*(-52)/f*-16?
2, 7, 13
Suppose -47 = 12*d + 85. List the prime factors of 139536/297 - 2/d.
2, 5, 47
Suppose 9*a - 357 - 687 = 0. Suppose -728 + a = -n. List the prime factors of n.
2, 3, 17
Let d = -21 + 26. Let o be (298/d)/(1/15 + 0). Suppose 336 + o = 10*x. List the prime factors of x.
3, 41
Let w = -348 + 3489. What are the prime factors of w?
3, 349
Let h(q) = 7013*q - 12720. List the prime factors of h(6).
2, 3, 7, 233
Let w be 11 - (12/4 + -4). Suppose 4*n - 6*n + w = 0. Suppose n*t = t - 5, 107 = z - t. List the prime factors of z.
2, 53
List the prime factors of 54/(-4)*(-438)/2*2.
3, 73
Suppose 3*q = 2*z + 20644, -6878 = 7*q - 8*q - z. List the prime factors of q.
2, 5, 43
Let h(s) = 1203*s + 1861. What are the prime factors of h(15)?
2, 37, 269
Suppose 60*t = 69*t - 306. What are the prime factors of 31276/t - 2/(-17)?
2, 5, 23
List the prime factors of 2512175/414 - (-2)/(-36).
2, 37, 41
Suppose -206*g = -7467352 + 766996. List the prime factors of g.
2, 3, 13, 139
Let f(q) = 26*q - 15 - q**3 - 21*q**2 + 15 + 18. What are the prime factors of f(-23)?
2, 239
List the prime factors of 870/348 - 80887/(-2).
2, 3, 7, 107
Suppose -14*a + 15*a = 243. Let g(j) = -2*j**3 - 3*j**2 - 5*j + 2. Let l be g(-4). Let o = a - l. What are the prime factors of o?
3, 47
Let y(g) = 5*g**2 - g + 4. Let d be y(3). Let x = -2787 + 2793. What are the prime factors of (1127/d)/(1/x)?
3, 7
Let d be 1498/8 + (36/(-16))/(-3). Suppose -734 + d = -7*g. Suppose -g - 114 = -2*v - 4*a, -3*v = 2*a - 288. What are the prime factors of v?
2, 3
Let p = 15 + -8. Let c(u) = -16*u + 142. Let o be c(9). What are the prime factors of o + (6 - 2) + p?
3
Suppose -6*p - 42 = -3*p. Let j = -10 - p. Suppose -j*k - 231 = -2*u - 67, 4*k - 8 = 0. List the prime factors of u.
2, 43
Let b(v) = -2*v**2 - 8 + 4*v**2 - 10*v - 3*v + 12. Let q be b(-14). Let d = q - 385. List the prime factors of d.
193
Let l(k) = -k**3 - 4 + 13*k**2 + 27*k**2 - 23*k**2 + 16*k - 18*k**2. Suppose -4*b - 5*n + 11 = 36, n = 5*b + 24. What are the prime factors of l(b)?
2
Suppose -155*k + 5136732 + 1325063 = 0. List the prime factors of k.
47, 887
List the prime factors of 2 + (-183120)/(-33) + (-44)/484.
7, 13, 61
Let t = -43534 - -76828. List the prime factors of t.
2, 3, 31, 179
Suppose -5*o + 960 = 5*y, o - 2*o + 204 = -3*y. Suppose 0 = -2*b + o + 293. List the prime factors of b.
2, 61
Let l(f) = -f**3 + 106*f**2 + 85*f - 778. List the prime factors of l(106).
2, 3, 7
Suppose 2*t - 2*a - 2752 = 0, 4*a + 10 = -2. Let f = t + -818. What are the prime factors of f?
3, 5, 37
Let k = -168 + 114. Let v = -53 - k. Let l(z) = 85*z**3 - 2*z + 1. List the prime factors of l(v).
2, 3, 7
Suppose -7*s + 4541 + 1570 = 0. Suppose -5*k = 3*l - l - s, -5*l + k + 2115 = 0. List the prime factors of l.
2, 53
Suppose 0 = 5*s + 35*l - 39*l - 476533, -4*s + l + 381211 = 0. List the prime factors of s.
3, 10589
Suppose -17*n + 4216 = -23732. Let g = -1030 + n. List the prime factors of g.
2, 307
Let s(u) be the second derivative of u**4/12 + u**3/3 - u**2/2 - 6*u. Let c be s(3). Let t = -8 + c. List the prime factors of t.
2, 3
Let g = 41024 + -22698. Suppose 146*n = 132*n + g. List the prime factors of n.
7, 11, 17
Let r(b) be the second derivative of 0 + 11*b**2 - 13/2*b**3 - 5*b + 1/6*b**4. What are the prime factors of r(22)?
2, 3, 11
Suppose -3*g - 3*f = -13035, -10*g = -4*g - 4*f - 26060. What are the prime factors of g?
2, 3, 181
Suppose -w - n = -7, 2*n + 11 = -3*w + 7*n. Suppose 169 = q - m, -35 = 4*q + w*m - 739. List the prime factors of q.
173
Let u = -10296 + 18616. List the prime factors of u.
2, 5, 13
Let r(y) = -808*y +